07735239?
7
What is the hundred thousands digit of 109773181?
7
What is the units digit of 414502594?
4
What is the thousands digit of 509157268?
7
What is the hundred thousands digit of 107914543?
9
What is the hundreds digit of 72083571?
5
What is the hundreds digit of 323019043?
0
What is the hundred millions digit of 1641705701?
6
What is the billions digit of 1072742815?
1
What is the units digit of 3938343?
3
What is the hundred thousands digit of 189995250?
9
What is the millions digit of 1812453729?
2
What is the hundreds digit of 27015717?
7
What is the millions digit of 135286238?
5
What is the tens digit of 5208986?
8
What is the units digit of 2891453848?
8
What is the units digit of 118507955?
5
What is the tens digit of 92724084?
8
What is the ten millions digit of 459536590?
5
What is the hundred thousands digit of 133084492?
0
What is the tens digit of 52933454?
5
What is the hundred thousands digit of 129024325?
0
What is the hundreds digit of 14075295?
2
What is the ten thousands digit of 93818483?
1
What is the tens digit of 403193217?
1
What is the hundreds digit of 1185981020?
0
What is the millions digit of 47614065?
7
What is the thousands digit of 5423352?
3
What is the units digit of 511418357?
7
What is the tens digit of 152333294?
9
What is the hundred millions digit of 222678541?
2
What is the thousands digit of 497825299?
5
What is the hundred thousands digit of 17287483?
2
What is the thousands digit of 75693624?
3
What is the hundred millions digit of 1078538984?
0
What is the ten thousands digit of 5867092612?
9
What is the tens digit of 3844392?
9
What is the ten thousands digit of 1328109454?
0
What is the thousands digit of 74119323?
9
What is the hundreds digit of 51328955?
9
What is the hundreds digit of 766959331?
3
What is the tens digit of 603261449?
4
What is the ten millions digit of 38571000?
3
What is the units digit of 356716868?
8
What is the ten thousands digit of 5715103703?
0
What is the hundred millions digit of 912516005?
9
What is the ten thousands digit of 1667957008?
5
What is the hundred millions digit of 1866327001?
8
What is the hundred thousands digit of 59336718?
3
What is the hundred thousands digit of 6650919393?
9
What is the units digit of 857423537?
7
What is the units digit of 30931903?
3
What is the hundreds digit of 2034810491?
4
What is the tens digit of 419391495?
9
What is the hundred thousands digit of 284737358?
7
What is the millions digit of 12661806?
2
What is the units digit of 548592391?
1
What is the ten millions digit of 2998404479?
9
What is the units digit of 2940700959?
9
What is the hundreds digit of 324159137?
1
What is the thousands digit of 133806488?
6
What is the tens digit of 5841037?
3
What is the millions digit of 1669309783?
9
What is the thousands digit of 445138717?
8
What is the ten thousands digit of 78540694?
4
What is the tens digit of 20252083?
8
What is the hundreds digit of 2170618048?
0
What is the hundred thousands digit of 14074186?
0
What is the ten thousands digit of 81191363?
9
What is the hundred thousands digit of 498749008?
7
What is the thousands digit of 42379799?
9
What is the tens digit of 1801874466?
6
What is the hundred millions digit of 2155919406?
1
What is the ten millions digit of 113434474?
1
What is the hundred thousands digit of 1492489858?
4
What is the hundreds digit of 139407574?
5
What is the ten millions digit of 24856844?
2
What is the ten thousands digit of 43023790?
2
What is the hundred thousands digit of 426278067?
2
What is the hundred thousands digit of 147972358?
9
What is the tens digit of 1173750744?
4
What is the hundreds digit of 149656378?
3
What is the tens digit of 178390394?
9
What is the hundred thousands digit of 228598891?
5
What is the ten thousands digit of 764564210?
6
What is the hundred thousands digit of 22001225?
0
What is the ten thousands digit of 3665572?
6
What is the tens digit of 1189709963?
6
What is the thousands digit of 80338681?
8
What is the units digit of 27988665?
5
What is the ten millions digit of 3136971470?
3
What is the hundreds digit of 97536051?
0
What is the hundred millions digit of 322284381?
3
What is the hundreds digit of 62252925?
9
What is the millions digit of 56861126?
6
What is the thousands digit of 4879177?
9
What is the hundreds digit of 1126755639?
6
What is the tens digit of 513750955?
5
What is the tens digit of 15959009?
0
What is the tens digit of 1614089860?
6
What is the hundred millions digit of 260731805?
2
What is the tens digit of 492133533?
3
What is the units digit of 646063469?
9
What is the tens digit of 248163494?
9
What is the ten thousands digit of 2446357108?
5
What is the hundreds digit of 24484959?
9
What is the ten thousands digit of 254271095?
7
What is the units digit of 7212658165?
5
What is the billions digit of 5235931844?
5
What is the tens digit of 5076942?
4
What is the tens digit of 75455307?
0
What is the thousands digit of 2000868282?
8
What is the hundred thousands digit of 392385290?
3
What is the ten thousands digit of 1221103809?
0
What is the ten thousands digit of 212362644?
6
What is the hundred millions digit of 160030939?
1
What is the hundred millions digit of 1165026795?
1
What is the hundred thousands digit of 46031474?
0
What is the ten thousands digit of 6335962?
3
What is the tens digit of 172366139?
3
What is the hundred thousands digit of 243018705?
0
What is the tens digit of 375693846?
4
What is the hundred thousands digit of 92751098?
7
What is the ten thousands digit of 60442858?
4
What is the ten millions digit of 2952264793?
5
What is the millions digit of 933065452?
3
What is the ten thousands digit of 1940628?
4
What is the units digit of 49791363?
3
What is the tens digit of 434229697?
9
What is the hundred thousands digit of 453059584?
0
What is the ten millions digit of 1583900366?
8
What is the hundred thousands digit of 86168180?
1
What is the tens digit of 87716897?
9
What is the ten thousands digit of 1513669991?
6
What is the units digit of 494317071?
1
What is the ten millions digit of 7206229477?
0
What is the hundreds digit of 53225668?
6
What is the millions digit of 62945561?
2
What is the hundred thousands digit of 248739467?
7
What is the ten thousands digit of 222951475?
5
What is the ten thousands digit of 135753362?
5
What is the hundreds digit of 15055470?
4
What is the hundred thousands digit of 98684819?
6
What is the units digit of 171748184?
4
What is the hundred thousands digit of 6286123778?
1
What is the millions digit of 211103588?
1
What is the hundreds digit of 4927229?
2
What is the billions digit of 1752256602?
1
What is the ten millions digit of 226654428?
2
What is the thousands digit of 21593178?
3
What is the thousands digit of 105362486?
2
What is the hundred thousands digit of 775957747?
9
What is the units digit of 5831226970?
0
What is the hundred millions digit of 109020634?
1
What is the hundreds digit of 7221407?
4
What is the hundred thousands digit of 224770846?
7
What is the ten millions digit of 13626496?
1
What is the tens digit of 3594279734?
3
What is the thousands digit of 39700659?
0
What is the ten millions digit of 615033373?
1
What is the hundreds digit of 1240393393?
3
What is the ten millions digit of 1465450101?
6
What is the units digit of 1523586629?
9
What is the units digit of 55519106?
6
What is the millions digit of 119394490?
9
What is the tens digit of 54426878?
7
What is the hundred millions digit of 4725489530?
7
What is the ten thousands digit of 74429171?
2
What is the units digit of 64431707?
7
What is the hundred thousands digit of 308196243?
1
What is the units digit of 200993361?
1
What is the hundred thousands digit of 218257498?
2
What is the tens digit of 126633904?
0
What is the thousands digit of 40773549?
3
What is the ten millions digit of 1949691138?
4
What is the millions digit of 54235281?
4
What is the ten thousands digit of 3223232147?
3
What is the millions digit of 45377234?
5
What is the millions digit of 201659058?
1
What is the ten millions digit of 274870186?
7
What is the units digit of 5123981400?
0
What is the ten millions digit of 753678075?
5
What is the units digit of 756264731?
1
What is the thousand